/4 + 19*i**3/6 - 123*i**2. Let p(t) be the first derivative of n(t). Calculate p(-11).
5
Suppose -152 = -22*k + 112. Let g(l) = 9 - 4*l**2 - k + 4. Suppose 0 = -2*a - 5*c - 8, -c - 3 = -a. Give g(a).
-3
Let p(s) = -s**3 - s**2 + s - 1. Let t(x) = 13*x + 1. Let c be t(0). Let q(v) = 2*v**3 + 7*v**2 - v. Let l(n) = c*p(n) + q(n). What is l(-6)?
-1
Let g(z) = 3*z - 4 - z**2 - 3*z + 4*z. Let v be 176 + 17/(85/30). Let s = 185 - v. Give g(s).
-1
Let i(d) be the second derivative of -d**5/20 - 5*d**4/12 + 5*d**3/6 - 5*d**2/2 - 3*d + 19. Give i(-6).
1
Let h(f) = -f**2 - 7*f - 4. Let b = -236 - -219. Let x = b - -12. What is h(x)?
6
Let j(s) = s**3 + 15*s + 4. Let r(k) = k**3 - 2*k**2 + 21*k + 6. Let g(t) = 6*j(t) - 5*r(t). Determine g(-11).
38
Let s(k) be the third derivative of 0*k + 7/24*k**4 + 1/120*k**6 - 5*k**2 + 11/6*k**3 - 1/6*k**5 + 0. What is s(9)?
-7
Let b(l) = l + 3. Let o(f) = -2*f - 6. Let n(s) = -5*b(s) - 2*o(s). Suppose 0 = -17*h + 11*h - 360. Let i = h - -66. Calculate n(i).
-9
Let x(i) be the third derivative of i**5/60 - 2*i**4/3 + 4*i**3 + 108*i**2. Let q be x(2). Let o(p) = p**3 + 3*p**2 - 5*p - 5. Calculate o(q).
-1
Let t(u) = -6*u - 1. Let r(l) = -2*l + 8. Let p be r(-8). Suppose 9*v - p = v. Suppose -3*y - 5*z + 19 = 0, 4*z = v*z + 5. Determine t(y).
11
Let g(s) = 289*s + 4. Let d(i) = 241*i + 4. Let b(o) = 6*d(o) - 5*g(o). Let n = -20 - -12. Let v = n + 2. What is b(v)?
-2
Suppose 5*d + 4*d = 36. Let w(a) = a**3 + 2*a + 123 - 121 + 2*a + d*a**2. What is w(-2)?
2
Let k(n) = -n. Let u be k(-2). Suppose 2996 = 185*g + 2441. Suppose u*l = -5*x - 31, -5*x = -g*l + 4 + 12. Let m(b) = b**2 + 6*b - 2. Give m(x).
-7
Let q(g) = -31*g**2 - 6*g**3 + 21*g + 38 + 7*g**3 + 5*g**2. What is q(25)?
-62
Let g(d) = -78 - 9*d - 64*d + 34*d + 41*d + 18. Calculate g(33).
6
Let d(v) = 2*v - 36. Let o be d(8). Let u be 4/(-3)*o*(-3)/(-2). Let h(n) = -2*n**2 - u*n - 4 + n**2 + 40*n. Calculate h(0).
-4
Let v(r) be the third derivative of -3*r**4/8 + 37*r**3/6 + 3*r**2 - 444*r - 1. Give v(5).
-8
Let o(b) = b**2 + 131*b + 1322. Let x be o(-11). Let s(w) = -8*w**2 - 4*w + 7. Determine s(x).
-33
Let g(v) = v**3 + 7*v**2 + 5*v + 6. Let j(o) = -o**3 - 8*o**2 + 5*o - 32. Let z be j(-9). Suppose 4*h + 4*p + 12 = 0, -2*h + 4*h + z*p = 0. Calculate g(h).
12
Let a(f) be the first derivative of 51 + 1/4*f**4 - f**2 + f + 4/3*f**3. Determine a(-5).
-14
Let b(t) = -7*t + 1759 - 1683 + 118*t**2 - 119*t**2. Calculate b(5).
16
Let l(x) be the second derivative of -x**6/120 + x**5/12 + x**4/6 - 7*x**3/6 - 19*x**2 - 13*x. Let q(i) be the first derivative of l(i). Determine q(5).
13
Let b(v) = v**3 - 30*v**2 - 2*v + 68. Let d be b(30). Let k(z) = -z**3 + 9*z**2 - 13*z + 50. Calculate k(d).
10
Let u(r) be the first derivative of 3*r + 5/2*r**2 - 111 + 1/3*r**3. Give u(-6).
9
Let y = 1 + -31. Let w = 36 + y. Let f(l) = 2*l + 86 - 27 - 31 - 32. Give f(w).
8
Let p(n) = 37*n - 40 + 37*n - 69*n. Determine p(13).
25
Let g be 427/63 - (-4)/18. Suppose 124 + 8 = 22*j. Let a(q) = 15*q - j*q + 9 - 7*q - 3*q. Determine a(g).
2
Let l be (-14)/((1 - -1) + 0). Let u(a) = a**2 + 6*a - 1. Let b be u(l). Let d(o) = o**3 - 5*o**2 - 8*o - 3. Determine d(b).
-15
Let a(h) be the first derivative of -10*h**2 - 24*h - 857. Give a(-2).
16
Let v(l) = -6*l - 39 + l**2 + 3*l - 14*l. Let z be v(17). Let a = -33 - z. Let s(o) = 3*o - 2. What is s(a)?
16
Let p(q) = -2*q**3 - 59*q**2 + 32*q + 47. Suppose 0 = 46*x - 44*x + 4*o + 76, 4*o + 136 = -4*x. Calculate p(x).
-13
Let x(a) = -a**3 - a - 25. Suppose 0 = -5*w - 15, -3*l - w + 3 = -2*w. Calculate x(l).
-25
Let c(u) = 22*u - 7. Suppose -5*r + 3*s = -2*r - 3, 4*s = 3*r - 6. Calculate c(r).
-51
Let z(w) = -2*w**2 + 29*w + 190. Let o be z(-5). Let n(a) = 7*a + 28. Give n(o).
-7
Let q(b) be the first derivative of 1/4*b**4 - 9/2*b**2 + 7/3*b**3 - 9 - b. What is q(-8)?
7
Let g(r) = 4 - 4 + 0 + r + 2 - 5. Let f(n) = n**3. Let q(z) = z - 7. Let a be q(5). Let b be f(a). Give g(b).
-11
Let g(p) = p + 24. Suppose 0 = -54*t + 78*t - 179 + 491. Give g(t).
11
Suppose 5 - 2 = g. Let r(d) = d**2 - 3*d + 5. Let n be r(g). Let z be (-4 - -5) + (n - 1). Let l(t) = t + 4. Calculate l(z).
9
Suppose 236*y - 1338 = -158. Let w(s) be the third derivative of -1/8*s**4 + 0*s + 1/30*s**y - 2/3*s**3 + 0 - 4*s**2. Determine w(3).
5
Let k(y) = -2*y + 23. Suppose 5*q = -5*s + 1345, -2*q + 7*q + s - 1341 = 0. Let g = q + -252. Calculate k(g).
-9
Let v(j) = j. Let a(p) = -9. Let g(k) = 21. Let h(f) = -5*a(f) - 2*g(f). Let b(n) = -h(n) - 3*v(n). Calculate b(-2).
3
Let c(v) be the first derivative of 2*v**2 - 17*v + 519. Calculate c(11).
27
Let x(l) = l**3 - 3*l**2 - 9*l + 9. Suppose -77 = 47*o - 312. Calculate x(o).
14
Let p = -76 - -82. Suppose 0 = 6*s - 0 - p. Let v(l) = -21*l**2 + 3. Let j(y) = -31*y**2 + 4. Let f(m) = 5*j(m) - 7*v(m). Calculate f(s).
-9
Let y = -24356 + 24360. Let h(t) = 3*t**2 + 7*t - 6. What is h(y)?
70
Let p(a) be the third derivative of -a**6/120 + a**5/60 + a**4/12 - 5*a**3/6 + 15*a**2 - 19*a - 2. Let r = 2 + -2. Give p(r).
-5
Let r(g) be the third derivative of -1/3*g**3 + 1/120*g**6 + 0 - 1/30*g**5 + 1/24*g**4 + 0*g - 4*g**2. Suppose 5 = i + 2. Determine r(i).
10
Let c(g) be the second derivative of g**4/12 + 3*g**3/2 - 11*g**2 + 256*g. Give c(-10).
-12
Let t be (-24)/(-28)*-11*42/(-3). Suppose 2 = t*p - 131*p. Let w(z) = -z + 7. Give w(p).
5
Let p(q) = -q**2 - 36*q + 173. Let m be p(-40). Let n(h) = 15*h - 2 + 13*h + m*h - 36*h + 6. Calculate n(-9).
-41
Let j(a) = a**3 - 34*a**2 + 97*a - 127. Let g be j(31). Suppose -6*i = -i - 20. Let x(p) = i + 2*p - 2*p - 2*p + 6*p + p**2. What is x(g)?
1
Let w(t) = -t**2 + 5*t - 3. Suppose -v = -6 + 3. Let l be w(v). Let h(r) = -1 + 2*r - 7*r**3 - 5*r**3 + 2 - 5*r**2 + 11*r**l. Give h(-5).
-9
Let h be (1 - -1 - -3) + 4 + (-2 - 3). Let s(r) = -r**3 + 4*r**2 - 6*r + 13. Give s(h).
-11
Let g(n) = -2*n + 0*n + 32 + n - 20 + 0*n - n**3. Suppose v = -4*v. Determine g(v).
12
Let t(p) = -2*p**3 + 17*p**2 - 38*p - 5. Let s be t(3). Let l(d) = d**3 + 19*d**2 - 19*d + 36. Determine l(s).
16
Suppose -5*k - 10 = -40. Let d(a) be the second derivative of a**5/20 - a**3/6 - 829*a. Let o(w) = 5*w**3 + 6*w**2 - w. Let y(r) = k*d(r) - o(r). Give y(7).
14
Suppose -15*m = -k - 14*m - 5, 0 = -m - 3. Let c(d) = -11*d + 8. Let i(q) = -17*q + 13. Let y(h) = k*c(h) + 5*i(h). Give y(-4).
-11
Let r be (-8)/(-2) + 3 + -4. Suppose -2*h - r + 15 = -2*l, -3*l - 3 = 0. Let u(v) = v**3 - 3*v**2 - 5*v + 1. Calculate u(h).
26
Suppose 76*q + 96 = 64*q. Let o(k) = -7*k**2 - k**3 + 3*k + 6*k + 0*k**3. Calculate o(q).
-8
Let c(z) = -25*z - 2. Let k(y) = 26*y + 1. Let q(g) = -6*c(g) - 5*k(g). What is q(4)?
87
Let o(b) = -15*b + 19. Let c(v) = -14*v + 15. Let t(i) = -6*c(i) + 5*o(i). Suppose 2 = -2*m, j = m + 3*m. Determine t(j).
-31
Let t(k) be the third derivative of k**5/60 - k**4/12 - 2*k**3/3 - 3*k**2. Let d(s) = -3*s**2 - 18*s + 51. Let w be d(2). Determine t(w).
-1
Let f = 83 + 68. Let u = f - 154. Let c(v) = -v**3 - v**2 + 3*v - 2. Give c(u).
7
Let b(a) = -a**3 + 5*a**2 + 2*a + 8. Suppose 9 = 3*t, 0*x = -5*x - t + 643. Let g = x - 122. Calculate b(g).
-16
Let u(a) = a**2 + 5*a + 2. Suppose 4*c - 1 = 27. Suppose 5*n - 25 = 5*f, 9*f = c*f - 2*n - 6. Give u(f).
-2
Let h(d) = -d**2 - 21*d - 32. Let b be h(-19). Let t be (-36)/30 - (b/(-5) + 1). Let n(z) = 50*z**3 + 0*z + 0*z - 1 - 51*z**3. Calculate n(t).
0
Let x(k) = 2*k**3 - 6*k**2 - k**2 - 9 - k**3 + 8*k. Suppose -2*m = 10*m - 24. Let h be -24*7/70*(-5)/m. Determine x(h).
3
Let s = -5 + 9. Let j(l) = -4*l + 2*l - s + 3*l. Suppose 0 = -32*a + 100 - 14 + 74. Calculate j(a).
1
Let t(d) = -5 + 3*d + 3*d - 8*d. Let r(u) = u + 2. Let m(v) = 7*r(v) + 3*t(v). Give m(-4).
-5
Let p(t) be the second derivative of -19*t**3/6 - 63*t**2 + 182*t + 30. Determine p(-6).
-12
Let q be (-2244)/16 + 105/20 + -5. Let h = q - -134. Let u(z) = z + 14 + z - z. Calculate u(h).
8
Let w(t) = 9 - 5*t + t**2 - 1 - 6*t. Suppose 427 = 128*b - 597. Calculate w(b).
-16
Let r(j) be the first derivative of 4*j**3/3 - j**2 - j + 4766. Give r(-1).
5
Let x(p) = -6*p + 4. Let j(w) = 13*w + 6. Let r(o) = -3*j(o) - 6*x(o). Calculate r(-14).
0
Let c(r) = -18*r**2 - 40*r - 7. Let u(g) = -8*g**2 - 17*g - 3. Let j(a) = -3*c(a) + 7*u(a). Deter